 - 5. Let d(o) = o**2. Let k(s) = s**3 - 31*s**2 + 32*s - 20. Let h(i) = d(i) - k(i). Let y be h(31). Determine a(y).
-16
Suppose -3*m + 5*b + 14 = -45, 0 = -b - 4. Let z(x) = x**3 - 13*x**2 - 4*x - 8. What is z(m)?
-60
Let o(a) = -4*a - 49. Let m be o(-14). Suppose -m*r - 55 = 4*r. Let u(b) = -b + 3. Let i(k) = 1. Let z(y) = 3*i(y) - u(y). Determine z(r).
-5
Let f(q) be the second derivative of -5*q**4/12 - q**3/6 - q**2 - 1193*q. Give f(-2).
-20
Let s be 4/22 + (-1110)/(-66). Let o = s - 13. Suppose o*n = 9*n + 5. Let y(z) = -10*z**2 - 1. Calculate y(n).
-11
Let q(k) = 4*k**2 + 21*k - 46. Let l(p) = 7*p**2 + 41*p - 90. Let d(g) = -3*l(g) + 5*q(g). What is d(-18)?
40
Let f = 17 + -15. Let n(y) = y**3 - 2*y**2 + 2*y - 3. Let p be n(f). Let g(s) = -6*s**2 - s. Let j(u) = u**2. Let a(t) = g(t) - 5*j(t). Determine a(p).
-12
Let h(l) = l**2 - 19*l + 30. Let f be 7*(266/98 - 1). Determine h(f).
-54
Let k(f) = f - 5. Let v(g) be the first derivative of g**2/2 - 4*g - 68. Let i(s) = 2*k(s) - 3*v(s). Determine i(-5).
7
Let a(n) = -87*n**3 - 2*n**2 - 2*n + 3. Let c(s) = s**2 + 370*s - 743. Let m be c(2). Calculate a(m).
-88
Suppose 0 = 3*m + 5*t - 28, 2*m - 3*m = -t - 12. Let i(r) = -m + 38*r - 7 + 0 - 36*r. What is i(14)?
10
Let r = -499388 + 499391. Let x(s) = 7*s**2 - 3*s + 1 - 3*s**3 - 3*s**2 + 2*s**3. Determine x(r).
1
Let c = -8741 + 8737. Let d(z) = -4*z. Let p be d(-1). Let y(t) = 4*t**2 - t**3 + 2*t**3 - 3 - p*t + 0*t**2 + 0*t**2. Give y(c).
13
Suppose 39 = 21*q - 24*q. Let p(f) = 9 - 147*f + 10 - f**2 - 154*f + 291*f. Calculate p(q).
-20
Let j(m) = 7*m**2 - 51*m + 16. Suppose -445 = -30*y - 235. Give j(y).
2
Let c = 3396 + -3392. Let n(v) = v**3 - 2*v**2 - 12*v + 4. Give n(c).
-12
Let f(o) = 51*o - 1 + 12 + 0 + 0. Let s(p) = 18*p + 4. Let q(r) = -3*f(r) + 8*s(r). Calculate q(2).
-19
Let o be 3/9 - 129/9 - 5. Let h(q) = -2*q**2 - 40*q - 39. Give h(o).
-1
Let l(r) = -348*r - 1787. Let z(y) = -254*y - 1191. Let h(p) = -5*l(p) + 7*z(p). What is h(16)?
-10
Let f be 2/(-8) - 85/(-20). Let q(i) = f - 115*i + 117*i + 5. Let h be (-2 - -6)/((-6)/12). What is q(h)?
-7
Let m(d) be the third derivative of -d**5/60 + d**4/8 + 2*d**2. Let j be m(2). Let v(k) = 16 - 3 - 2*k**j - 6 + 7*k + 3*k**2. What is v(-5)?
-3
Let w(y) = -3*y - 10. Suppose -127*s = -206 - 48. Let l(c) = c + 3. Let m be l(0). Let k(o) = 3*o + 9. Let i(u) = m*k(u) + s*w(u). What is i(-6)?
-11
Suppose -5 + 19 = -2*u. Let v(t) = -11*t + 22. Let f = 12 - 15. Let w(x) = -4*x + 7. Let s(a) = f*v(a) + 8*w(a). Give s(u).
-17
Let w(n) = n. Suppose b - 5*b - 2*z + 4 = 0, -b - 3*z = 4. Let x(a) = -20*a**2 - 3 - a**3 - 5*a + 30*a**2 - 12*a**b. Let o be x(-1). Determine w(o).
1
Let w(t) be the third derivative of t**6/60 - 7*t**5/60 - t**4/6 + 3*t**3 + 366*t**2. Calculate w(3).
-3
Let d(l) = l**3 - 2*l**2 - 2*l + 6. Suppose 0 = b + 3*u - 22, 4864*u - 4860*u = 4*b + 8. Determine d(b).
30
Let m be (140/(-15))/2*(-54)/21. Suppose -6*n + 9*n + 5*k = 31, 0 = 4*n - 4*k + m. Let y(p) = -p**3 + 4*p**2 - 2*p - 2. Determine y(n).
2
Suppose 4*u - 11*g = -9*g - 32, -2*u = 4*g - 34. Let a(f) = -2*f**2 - 2*f - 7. Let c(y) = 6*y**2 + 7*y + 20. Let n(d) = 8*a(d) + 3*c(d). Give n(u).
7
Let j(r) = -r**2 + 7*r + 3. Let d(x) = 7*x + 2. Let v be d(-1). Let i be 2/(v*(-1)/5). Suppose -i*w = 11 - 23. What is j(w)?
9
Let t(s) = -10*s + 35. Let n(h) = -29*h + 108. Let v(w) = 6*n(w) - 17*t(w). Give v(12).
5
Let b = 7 - 7. Suppose -3*p + b = 15. Let r(h) be the third derivative of -h**4/24 - h**3/6 + h**2 + 8. Give r(p).
4
Let b = 19 - 14. Let c(y) = 4*y - 17. Calculate c(b).
3
Let t(l) = 22*l**3 + 7*l**2 - 4*l - 8. Let u be (-2)/(1 - 3)*(-4 - -2). Let y(r) = -5*r**3 - 2*r**2 + r + 2. Let b(w) = u*t(w) - 9*y(w). Determine b(-4).
2
Let r be 1*4/(-8) + (-26)/(-4). Let z be ((-4)/r)/((-1)/(-6)). Let f be (2/(-6))/(z/12). Let i(v) = -2*v**2 - v + 1. Calculate i(f).
-2
Let x(m) = -m**3 - 45*m**2 + 2*m + 4. Let c be x(0). Let d(o) be the third derivative of o**4/12 + 2*o**3/3 + o**2. Give d(c).
12
Let p(r) = -8889014 - 17*r - r + 8888961. Calculate p(-12).
163
Suppose -2*b + 1449 = -9*b. Let t = 208 + b. Let j(i) = -6*i - 1. Give j(t).
-7
Suppose -120*q = 9*q + 43*q + 344. Let z(s) = s**3 - 4*s**2 - 11*s + 2. What is z(q)?
0
Let z be (-1 - (22/6 + 2))*-12. Let u = -78 + z. Suppose 0*i = -u*c - i + 11, 15 = 3*c + 3*i. Let y(q) = q - 3. What is y(c)?
3
Suppose 0 = 2*v - 26 + 14. Suppose -v*k - 69 = -81. Let i(j) = j**2 + 4*j + 4. Let m(l) = l**2 + 3*l + 3. Let w(s) = -4*i(s) + 5*m(s). What is w(k)?
1
Let n(k) = 8*k + 34. Let m(d) = -51*d - 209. Let u(t) = -3*m(t) - 19*n(t). Let z(g) = 10*g**2 - g + 1. Let c be z(1). Calculate u(c).
-9
Let y(q) be the third derivative of -q**6/120 + q**5/5 - 5*q**4/12 - 17*q**3/6 - q**2 - 5*q - 233. Suppose 4*h + 3*l = 29, 5*l = 2*h - h - 36. What is y(h)?
-6
Let b(o) = -8*o - 13. Let l(v) = 51*v + 2088. Let u be l(-41). Calculate b(u).
11
Let y(w) be the first derivative of -w**4/4 - 5*w**3/3 - 4*w**2 + w + 1645. Determine y(-4).
17
Let u(c) be the second derivative of c**4/6 + c**3/2 + 3*c**2/2 - 6*c. Let d = 219 - 215. Let i(y) = 1. Let m(q) = d*i(q) - u(q). Determine m(2).
-13
Let t(w) = 2*w**3 - 9*w**2 - 8*w + 17. Let f be t(5). Let y(m) = 0 + 2*m - 2 + f*m**2 + m**3 - 7*m**3 + 5*m**3. What is y(2)?
2
Let w = -44 - -59. Suppose -12*v + 13*v - w = 3*u, -5*v = 2*u - 7. Let b(s) = 3*s - 1. What is b(v)?
8
Let h be (31/(-4))/(10/(-280)*7). Let x be 375/(-12) + (-12)/16. Let l = x + h. Let s(a) = 7*a. Determine s(l).
-7
Let i(l) = -l**2 - 9*l + 4. Let g be 62*(-12)/(-8) - (1 + 2). Let x be (-5)/(-2)*(-252)/g. Calculate i(x).
18
Let c(l) = -2*l + 5. Let y = -237 - -377. Suppose 0 = -5*g - s - y, 0 = -5*g + 5*s - 180 + 40. Let z = 32 + g. What is c(z)?
-3
Let p(v) = 14*v**2 + 2*v - 1. Let z be 2*(-3)/6*2. Let l = -748 - -742. Let y be (1 - 4)/(z*(-9)/l). Give p(y).
15
Let v(c) = -c**2 + 2*c - 5. Suppose -196*s - 54 = -205*s. What is v(s)?
-29
Suppose 3*a + 9 = 0, 3*m = 8*m + a + 28. Let k be (14 - 16 - 11/(-5))*m. Let z(s) = -s**2 - s - 1. Calculate z(k).
-1
Let q(s) = -12*s**3 - 49*s**2 + 32*s + 193. Let c(f) = -4*f**3 - 16*f**2 + 11*f + 72. Let h(i) = -8*c(i) + 3*q(i). Give h(-5).
-12
Let h(l) = -l**2 + 22*l + 171. Let i be h(28). Let f(n) = 3 - 6 + n + 22 + i - 6. Give f(-10).
6
Let h(s) = -63 + 39 + 5*s + 36 - 3*s. Determine h(-16).
-20
Let l(k) = -4*k**3 - 10*k**2 - 2*k + 3. Let t be -6 + (-6 - -5)/(1/(-3)). Let q(v) = -v**3 - v**2 + 1. Let d(u) = t*q(u) + l(u). Give d(-7).
14
Let n(z) = 9*z + 7. Let a = -9030 + 9023. Calculate n(a).
-56
Let q = 37851 - 37861. Let u(n) = -n**2 - 7*n - 65. Calculate u(q).
-95
Let u = 2 + 4. Suppose 3*n + 0 = u. Let t(j) be the first derivative of -2*j**2 + j + 460. Calculate t(n).
-7
Suppose 6*j = -3*j + 27. Let k be 14 + -3 + 3/j. Let a(p) = p**2 + 15*p - 8. Let r(b) = -2*b**2 - 16*b + 8. Let m(t) = 3*a(t) + 2*r(t). What is m(k)?
4
Suppose 4*g - 4 = -0*g. Let t be 5/(-15) - g/((-9)/102). Let x = t + -9. Let u(y) = -3*y + 2. Give u(x).
-4
Let i = -11 - -9. Let k = 3 + i. Let x(b) = -3*b**2 + 2*b - 1. Let w(c) = -4*c**2 + 2*c - 1. Let y(j) = 4*w(j) - 5*x(j). Determine y(k).
-2
Let n(h) = h**3 - 13*h**2 + 4*h - 62. Let w(s) = -73*s - 60. Let r be w(-1). Determine n(r).
-10
Let d = 14 - 24. Let a = d - -36. Suppose a = -4*y + 5*j, -5*y - j - 14 = -y. Let i(w) = -2*w - 4. Calculate i(y).
4
Let m(c) = 2*c**2 + 2*c + 1. Let p be m(-1). Let w(b) = 2*b. Let i(z) = 9 - 40 + 7 + 14 + 9. Let t(f) = p*w(f) - 2*i(f). What is t(3)?
8
Let c(b) be the third derivative of -b**6/120 - b**4/8 - b**3/2 + 3*b**2. Suppose 5*l - 2015 = 4*i, -1810 = 5*i - l + 693. Let a = 498 + i. Calculate c(a).
11
Let q(a) = -138524 + 11*a + 138524. What is q(-2)?
-22
Let w be (-9)/3*(-8)/(-12). Let y be w/3*((-26)/4 - -5). Let c be (-28)/(-21) - y/(-3)*2. Let v(b) = 6*b + 1. What is v(c)?
13
Suppose -10 = 2806*s - 2836*s - 40. Let x(z) = -3*z + 1. Determine x(s).
4
Let p(d) = -7*d + 271. Let l be p(38). Let b(z) = -8*z**2 - 6 + 26*z**3 - 27*z**3 + 3 - l*z - 3*z. Calculate b(-7).
4
Let v(m) = -8*m**3 + 328*m**2 - 3*m + 117. Let b be v(41). Let j(f) = 0*f + 0*f + 5 - 4*f. Calculate j(b).
29
Suppose -4*h + 102*n = 103*n - 7, 5*n = -5*h + 20. Let i(b) = -18*b**2 + 3*b - 2. What is i(h)?
-17
Let q(b) = 7